{"id":35342,"date":"2021-07-29T13:03:09","date_gmt":"2021-07-29T11:03:09","guid":{"rendered":"https:\/\/live-act.pl\/kursy\/?post_type=product&#038;p=35342"},"modified":"2022-05-24T14:58:09","modified_gmt":"2022-05-24T12:58:09","slug":"pakiet-sampli","status":"publish","type":"product","link":"https:\/\/live-act.pl\/kursy\/produkt\/pakiet-sampli\/","title":{"rendered":"Pakiet Sampli"},"content":{"rendered":"<p>W sk\u0142ad pakietu wchodzi 14 paczek sampli. Zestaw pozwala tworzy\u0107 muzyk\u0119 w wielu gatunkach. Starannie wyselekcjonowane brzmienia wysokiej jako\u015bci. Wsp\u00f3\u0142czesne i mocne sample perkusyjne. Gotowe do u\u017cycia w produkcjach muzycznych. Sample Pack mo\u017cna wykorzystywa\u0107 w komercyjnych projektach.<\/p>\n<p>1. LO-Fi Drumz<\/p>\n<p>2. HARDBASS Kit<\/p>\n<p>3. Detroit Fabric Pack<\/p>\n<p>4. OLDSCHOOL Machine Drumz<\/p>\n<p>5. SYNTHWAVE VOL2<\/p>\n<p>6. Leonardo Drum Kit<\/p>\n<p>7. 808 KINGXXC<\/p>\n<p>8. WARM RNB DRUM KIT<\/p>\n<p>9. Royal Piano MIDI Pack<\/p>\n<p>10. 80s Drum Pack<\/p>\n<p>11. LA LOOPS<\/p>\n<p>12. Live Act Sample Pack<\/p>\n<p>13. PB Drum Kit<\/p>\n<p>14. BSVIC Sample Pack<\/p>\n","protected":false},"excerpt":{"rendered":"<p>W sk\u0142ad pakietu wchodzi 14 paczek sampli. Zestaw pozwala tworzy\u0107 muzyk\u0119 w wielu gatunkach. Starannie wyselekcjonowane brzmienia wysokiej jako\u015bci. Wsp\u00f3\u0142czesne &hellip;<\/p>\n","protected":false},"featured_media":35345,"comment_status":"open","ping_status":"closed","template":"","meta":{"_monsterinsights_skip_tracking":false,"_monsterinsights_sitenote_active":false,"_monsterinsights_sitenote_note":"","_monsterinsights_sitenote_category":0,"_vibebp_attr":"","_vibebp_dimensions":"","_vibebp_responsive_height":"","_vibebp_accordion_ie_support":""},"product_cat":[282],"product_tag":[],"yoast_head":"<!-- This site is optimized with the Yoast SEO plugin v18.3 - https:\/\/yoast.com\/wordpress\/plugins\/seo\/ -->\n<title>Pakiet Sampli - LiveAct - Idealne Kursy Wideo<\/title>\n<meta name=\"description\" content=\"W sk\u0142ad pakietu wchodzi 14 paczek sampli.\u00a0Starannie wyselekcjonowane brzmienia wysokiej jako\u015bci. Wsp\u00f3\u0142czesne i mocne sample perkusyjne.\" \/>\n<meta name=\"robots\" content=\"index, follow, max-snippet:-1, max-image-preview:large, max-video-preview:-1\" \/>\n<link rel=\"canonical\" href=\"https:\/\/live-act.pl\/kursy\/produkt\/pakiet-sampli\/\" \/>\n<meta property=\"og:locale\" content=\"pl_PL\" \/>\n<meta property=\"og:type\" content=\"article\" \/>\n<meta property=\"og:title\" content=\"Pakiet Sampli - LiveAct - Idealne Kursy Wideo\" \/>\n<meta property=\"og:description\" content=\"W sk\u0142ad pakietu wchodzi 14 paczek sampli.\u00a0Starannie wyselekcjonowane brzmienia wysokiej jako\u015bci. Wsp\u00f3\u0142czesne i mocne sample perkusyjne.\" \/>\n<meta property=\"og:url\" content=\"https:\/\/live-act.pl\/kursy\/produkt\/pakiet-sampli\/\" \/>\n<meta property=\"og:site_name\" content=\"LiveAct - Idealne Kursy Wideo\" \/>\n<meta property=\"article:publisher\" content=\"https:\/\/www.facebook.com\/LiveActpl\/\" \/>\n<meta property=\"article:modified_time\" content=\"2022-05-24T12:58:09+00:00\" \/>\n<meta property=\"og:image\" content=\"https:\/\/live-act.pl\/kursy\/files\/2021\/07\/pakiet-sampli-1024x1024.jpeg\" \/>\n\t<meta property=\"og:image:width\" content=\"1024\" \/>\n\t<meta property=\"og:image:height\" content=\"1024\" \/>\n\t<meta property=\"og:image:type\" content=\"image\/jpeg\" \/>\n<script type=\"application\/ld+json\" class=\"yoast-schema-graph\">{\"@context\":\"https:\/\/schema.org\",\"@graph\":[{\"@type\":\"WebSite\",\"@id\":\"https:\/\/live-act.pl\/kursy\/#website\",\"url\":\"https:\/\/live-act.pl\/kursy\/\",\"name\":\"LiveAct - Idealne Kursy Wideo\",\"description\":\"LiveAct - Produkcja Muzyki, Kursy Ableton\",\"potentialAction\":[{\"@type\":\"SearchAction\",\"target\":{\"@type\":\"EntryPoint\",\"urlTemplate\":\"https:\/\/live-act.pl\/kursy\/?s={search_term_string}\"},\"query-input\":\"required name=search_term_string\"}],\"inLanguage\":\"pl-PL\"},{\"@type\":\"ImageObject\",\"@id\":\"https:\/\/live-act.pl\/kursy\/produkt\/pakiet-sampli\/#primaryimage\",\"inLanguage\":\"pl-PL\",\"url\":\"https:\/\/live-act.pl\/kursy\/files\/2021\/07\/pakiet-sampli.jpeg\",\"contentUrl\":\"https:\/\/live-act.pl\/kursy\/files\/2021\/07\/pakiet-sampli.jpeg\",\"width\":3024,\"height\":3024},{\"@type\":\"WebPage\",\"@id\":\"https:\/\/live-act.pl\/kursy\/produkt\/pakiet-sampli\/#webpage\",\"url\":\"https:\/\/live-act.pl\/kursy\/produkt\/pakiet-sampli\/\",\"name\":\"Pakiet Sampli - LiveAct - Idealne Kursy Wideo\",\"isPartOf\":{\"@id\":\"https:\/\/live-act.pl\/kursy\/#website\"},\"primaryImageOfPage\":{\"@id\":\"https:\/\/live-act.pl\/kursy\/produkt\/pakiet-sampli\/#primaryimage\"},\"datePublished\":\"2021-07-29T11:03:09+00:00\",\"dateModified\":\"2022-05-24T12:58:09+00:00\",\"description\":\"W sk\u0142ad pakietu wchodzi 14 paczek sampli.\u00a0Starannie wyselekcjonowane brzmienia wysokiej jako\u015bci. Wsp\u00f3\u0142czesne i mocne sample perkusyjne.\",\"breadcrumb\":{\"@id\":\"https:\/\/live-act.pl\/kursy\/produkt\/pakiet-sampli\/#breadcrumb\"},\"inLanguage\":\"pl-PL\",\"potentialAction\":[{\"@type\":\"ReadAction\",\"target\":[\"https:\/\/live-act.pl\/kursy\/produkt\/pakiet-sampli\/\"]}]},{\"@type\":\"BreadcrumbList\",\"@id\":\"https:\/\/live-act.pl\/kursy\/produkt\/pakiet-sampli\/#breadcrumb\",\"itemListElement\":[{\"@type\":\"ListItem\",\"position\":1,\"name\":\"\"},{\"@type\":\"ListItem\",\"position\":2,\"name\":\"Pakiet Sampli\"}]}]}<\/script>\n<!-- \/ Yoast SEO plugin. -->","yoast_head_json":{"title":"Pakiet Sampli - LiveAct - Idealne Kursy Wideo","description":"W sk\u0142ad pakietu wchodzi 14 paczek sampli.\u00a0Starannie wyselekcjonowane brzmienia wysokiej jako\u015bci. Wsp\u00f3\u0142czesne i mocne sample perkusyjne.","robots":{"index":"index","follow":"follow","max-snippet":"max-snippet:-1","max-image-preview":"max-image-preview:large","max-video-preview":"max-video-preview:-1"},"canonical":"https:\/\/live-act.pl\/kursy\/produkt\/pakiet-sampli\/","og_locale":"pl_PL","og_type":"article","og_title":"Pakiet Sampli - LiveAct - Idealne Kursy Wideo","og_description":"W sk\u0142ad pakietu wchodzi 14 paczek sampli.\u00a0Starannie wyselekcjonowane brzmienia wysokiej jako\u015bci. Wsp\u00f3\u0142czesne i mocne sample perkusyjne.","og_url":"https:\/\/live-act.pl\/kursy\/produkt\/pakiet-sampli\/","og_site_name":"LiveAct - Idealne Kursy Wideo","article_publisher":"https:\/\/www.facebook.com\/LiveActpl\/","article_modified_time":"2022-05-24T12:58:09+00:00","og_image":[{"width":1024,"height":1024,"url":"https:\/\/live-act.pl\/kursy\/files\/2021\/07\/pakiet-sampli-1024x1024.jpeg","type":"image\/jpeg"}],"schema":{"@context":"https:\/\/schema.org","@graph":[{"@type":"WebSite","@id":"https:\/\/live-act.pl\/kursy\/#website","url":"https:\/\/live-act.pl\/kursy\/","name":"LiveAct - Idealne Kursy Wideo","description":"LiveAct - Produkcja Muzyki, Kursy Ableton","potentialAction":[{"@type":"SearchAction","target":{"@type":"EntryPoint","urlTemplate":"https:\/\/live-act.pl\/kursy\/?s={search_term_string}"},"query-input":"required name=search_term_string"}],"inLanguage":"pl-PL"},{"@type":"ImageObject","@id":"https:\/\/live-act.pl\/kursy\/produkt\/pakiet-sampli\/#primaryimage","inLanguage":"pl-PL","url":"https:\/\/live-act.pl\/kursy\/files\/2021\/07\/pakiet-sampli.jpeg","contentUrl":"https:\/\/live-act.pl\/kursy\/files\/2021\/07\/pakiet-sampli.jpeg","width":3024,"height":3024},{"@type":"WebPage","@id":"https:\/\/live-act.pl\/kursy\/produkt\/pakiet-sampli\/#webpage","url":"https:\/\/live-act.pl\/kursy\/produkt\/pakiet-sampli\/","name":"Pakiet Sampli - LiveAct - Idealne Kursy Wideo","isPartOf":{"@id":"https:\/\/live-act.pl\/kursy\/#website"},"primaryImageOfPage":{"@id":"https:\/\/live-act.pl\/kursy\/produkt\/pakiet-sampli\/#primaryimage"},"datePublished":"2021-07-29T11:03:09+00:00","dateModified":"2022-05-24T12:58:09+00:00","description":"W sk\u0142ad pakietu wchodzi 14 paczek sampli.\u00a0Starannie wyselekcjonowane brzmienia wysokiej jako\u015bci. Wsp\u00f3\u0142czesne i mocne sample perkusyjne.","breadcrumb":{"@id":"https:\/\/live-act.pl\/kursy\/produkt\/pakiet-sampli\/#breadcrumb"},"inLanguage":"pl-PL","potentialAction":[{"@type":"ReadAction","target":["https:\/\/live-act.pl\/kursy\/produkt\/pakiet-sampli\/"]}]},{"@type":"BreadcrumbList","@id":"https:\/\/live-act.pl\/kursy\/produkt\/pakiet-sampli\/#breadcrumb","itemListElement":[{"@type":"ListItem","position":1,"name":""},{"@type":"ListItem","position":2,"name":"Pakiet Sampli"}]}]}},"_links":{"self":[{"href":"https:\/\/live-act.pl\/kursy\/wp-json\/wp\/v2\/product\/35342"}],"collection":[{"href":"https:\/\/live-act.pl\/kursy\/wp-json\/wp\/v2\/product"}],"about":[{"href":"https:\/\/live-act.pl\/kursy\/wp-json\/wp\/v2\/types\/product"}],"replies":[{"embeddable":true,"href":"https:\/\/live-act.pl\/kursy\/wp-json\/wp\/v2\/comments?post=35342"}],"wp:featuredmedia":[{"embeddable":true,"href":"https:\/\/live-act.pl\/kursy\/wp-json\/wp\/v2\/media\/35345"}],"wp:attachment":[{"href":"https:\/\/live-act.pl\/kursy\/wp-json\/wp\/v2\/media?parent=35342"}],"wp:term":[{"taxonomy":"product_cat","embeddable":true,"href":"https:\/\/live-act.pl\/kursy\/wp-json\/wp\/v2\/product_cat?post=35342"},{"taxonomy":"product_tag","embeddable":true,"href":"https:\/\/live-act.pl\/kursy\/wp-json\/wp\/v2\/product_tag?post=35342"}],"curies":[{"name":"wp","href":"https:\/\/api.w.org\/{rel}","templated":true}]}}