{"id":34544,"date":"2021-05-13T15:25:26","date_gmt":"2021-05-13T13:25:26","guid":{"rendered":"https:\/\/live-act.pl\/kursy\/?post_type=product&#038;p=34544"},"modified":"2022-02-25T16:31:20","modified_gmt":"2022-02-25T15:31:20","slug":"detroit-fabric-pack","status":"publish","type":"product","link":"https:\/\/live-act.pl\/kursy\/produkt\/detroit-fabric-pack\/","title":{"rendered":"DETROIT Fabric Pack"},"content":{"rendered":"<p>Paczka sprawdzi si\u0119 do gatunk\u00f3w techno, tech-house i minimal. Starannie wyselekcjonowane brzmienia wysokiej jako\u015bci. Wsp\u00f3\u0142czesne i mocne sample perkusyjne. Gotowe do u\u017cycia w produkcjach muzycznych. Sample Pack mo\u017cna wykorzystywa\u0107 w komercyjnych projektach.<\/p>\n<p>W sk\u0142ad zestawu wchodzi 100 sampli perkusyjnych:<\/p>\n<p>23 &#8211; Clap<\/p>\n<p>24 &#8211; Hi-hat<\/p>\n<p>43 &#8211; Kick<\/p>\n<p>10 &#8211; Snare<\/p>\n<p>&nbsp;<\/p>\n","protected":false},"excerpt":{"rendered":"<p>Paczka sprawdzi si\u0119 do gatunk\u00f3w techno, tech-house i minimal. Starannie wyselekcjonowane brzmienia wysokiej jako\u015bci. Wsp\u00f3\u0142czesne i mocne sample perkusyjne. Gotowe &hellip;<\/p>\n","protected":false},"featured_media":34545,"comment_status":"open","ping_status":"closed","template":"","meta":{"_monsterinsights_skip_tracking":false,"_monsterinsights_sitenote_active":false,"_monsterinsights_sitenote_note":"","_monsterinsights_sitenote_category":0,"_vibebp_attr":"","_vibebp_dimensions":"","_vibebp_responsive_height":"","_vibebp_accordion_ie_support":""},"product_cat":[282],"product_tag":[],"yoast_head":"<!-- This site is optimized with the Yoast SEO plugin v18.3 - https:\/\/yoast.com\/wordpress\/plugins\/seo\/ -->\n<title>DETROIT Fabric Pack - LiveAct - Idealne Kursy Wideo<\/title>\n<meta name=\"description\" content=\"Paczka sprawdzi si\u0119 do gatunk\u00f3w techno, tech-house i minimal. Wsp\u00f3\u0142czesne i mocne sample perkusyjne. Tw\u00f3rz z samplami.\" \/>\n<meta name=\"robots\" content=\"index, follow, max-snippet:-1, max-image-preview:large, max-video-preview:-1\" \/>\n<link rel=\"canonical\" href=\"https:\/\/live-act.pl\/kursy\/produkt\/detroit-fabric-pack\/\" \/>\n<meta property=\"og:locale\" content=\"pl_PL\" \/>\n<meta property=\"og:type\" content=\"article\" \/>\n<meta property=\"og:title\" content=\"DETROIT Fabric Pack - LiveAct - Idealne Kursy Wideo\" \/>\n<meta property=\"og:description\" content=\"Paczka sprawdzi si\u0119 do gatunk\u00f3w techno, tech-house i minimal. Wsp\u00f3\u0142czesne i mocne sample perkusyjne. Tw\u00f3rz z samplami.\" \/>\n<meta property=\"og:url\" content=\"https:\/\/live-act.pl\/kursy\/produkt\/detroit-fabric-pack\/\" \/>\n<meta property=\"og:site_name\" content=\"LiveAct - Idealne Kursy Wideo\" \/>\n<meta property=\"article:publisher\" content=\"https:\/\/www.facebook.com\/LiveActpl\/\" \/>\n<meta property=\"article:modified_time\" content=\"2022-02-25T15:31:20+00:00\" \/>\n<meta property=\"og:image\" content=\"https:\/\/live-act.pl\/kursy\/files\/2021\/04\/detroit.jpg\" \/>\n\t<meta property=\"og:image:width\" content=\"1440\" \/>\n\t<meta property=\"og:image:height\" content=\"1440\" \/>\n\t<meta property=\"og:image:type\" content=\"image\/jpeg\" \/>\n<script type=\"application\/ld+json\" class=\"yoast-schema-graph\">{\"@context\":\"https:\/\/schema.org\",\"@graph\":[{\"@type\":\"WebSite\",\"@id\":\"https:\/\/live-act.pl\/kursy\/#website\",\"url\":\"https:\/\/live-act.pl\/kursy\/\",\"name\":\"LiveAct - Idealne Kursy Wideo\",\"description\":\"LiveAct - Produkcja Muzyki, Kursy Ableton\",\"potentialAction\":[{\"@type\":\"SearchAction\",\"target\":{\"@type\":\"EntryPoint\",\"urlTemplate\":\"https:\/\/live-act.pl\/kursy\/?s={search_term_string}\"},\"query-input\":\"required name=search_term_string\"}],\"inLanguage\":\"pl-PL\"},{\"@type\":\"ImageObject\",\"@id\":\"https:\/\/live-act.pl\/kursy\/produkt\/detroit-fabric-pack\/#primaryimage\",\"inLanguage\":\"pl-PL\",\"url\":\"https:\/\/live-act.pl\/kursy\/files\/2021\/04\/detroit.jpg\",\"contentUrl\":\"https:\/\/live-act.pl\/kursy\/files\/2021\/04\/detroit.jpg\",\"width\":1440,\"height\":1440},{\"@type\":\"WebPage\",\"@id\":\"https:\/\/live-act.pl\/kursy\/produkt\/detroit-fabric-pack\/#webpage\",\"url\":\"https:\/\/live-act.pl\/kursy\/produkt\/detroit-fabric-pack\/\",\"name\":\"DETROIT Fabric Pack - LiveAct - Idealne Kursy Wideo\",\"isPartOf\":{\"@id\":\"https:\/\/live-act.pl\/kursy\/#website\"},\"primaryImageOfPage\":{\"@id\":\"https:\/\/live-act.pl\/kursy\/produkt\/detroit-fabric-pack\/#primaryimage\"},\"datePublished\":\"2021-05-13T13:25:26+00:00\",\"dateModified\":\"2022-02-25T15:31:20+00:00\",\"description\":\"Paczka sprawdzi si\u0119 do gatunk\u00f3w techno, tech-house i minimal. Wsp\u00f3\u0142czesne i mocne sample perkusyjne. Tw\u00f3rz z samplami.\",\"breadcrumb\":{\"@id\":\"https:\/\/live-act.pl\/kursy\/produkt\/detroit-fabric-pack\/#breadcrumb\"},\"inLanguage\":\"pl-PL\",\"potentialAction\":[{\"@type\":\"ReadAction\",\"target\":[\"https:\/\/live-act.pl\/kursy\/produkt\/detroit-fabric-pack\/\"]}]},{\"@type\":\"BreadcrumbList\",\"@id\":\"https:\/\/live-act.pl\/kursy\/produkt\/detroit-fabric-pack\/#breadcrumb\",\"itemListElement\":[{\"@type\":\"ListItem\",\"position\":1,\"name\":\"\"},{\"@type\":\"ListItem\",\"position\":2,\"name\":\"DETROIT Fabric Pack\"}]}]}<\/script>\n<!-- \/ Yoast SEO plugin. -->","yoast_head_json":{"title":"DETROIT Fabric Pack - LiveAct - Idealne Kursy Wideo","description":"Paczka sprawdzi si\u0119 do gatunk\u00f3w techno, tech-house i minimal. Wsp\u00f3\u0142czesne i mocne sample perkusyjne. Tw\u00f3rz z samplami.","robots":{"index":"index","follow":"follow","max-snippet":"max-snippet:-1","max-image-preview":"max-image-preview:large","max-video-preview":"max-video-preview:-1"},"canonical":"https:\/\/live-act.pl\/kursy\/produkt\/detroit-fabric-pack\/","og_locale":"pl_PL","og_type":"article","og_title":"DETROIT Fabric Pack - LiveAct - Idealne Kursy Wideo","og_description":"Paczka sprawdzi si\u0119 do gatunk\u00f3w techno, tech-house i minimal. Wsp\u00f3\u0142czesne i mocne sample perkusyjne. Tw\u00f3rz z samplami.","og_url":"https:\/\/live-act.pl\/kursy\/produkt\/detroit-fabric-pack\/","og_site_name":"LiveAct - Idealne Kursy Wideo","article_publisher":"https:\/\/www.facebook.com\/LiveActpl\/","article_modified_time":"2022-02-25T15:31:20+00:00","og_image":[{"width":1440,"height":1440,"url":"https:\/\/live-act.pl\/kursy\/files\/2021\/04\/detroit.jpg","type":"image\/jpeg"}],"schema":{"@context":"https:\/\/schema.org","@graph":[{"@type":"WebSite","@id":"https:\/\/live-act.pl\/kursy\/#website","url":"https:\/\/live-act.pl\/kursy\/","name":"LiveAct - Idealne Kursy Wideo","description":"LiveAct - Produkcja Muzyki, Kursy Ableton","potentialAction":[{"@type":"SearchAction","target":{"@type":"EntryPoint","urlTemplate":"https:\/\/live-act.pl\/kursy\/?s={search_term_string}"},"query-input":"required name=search_term_string"}],"inLanguage":"pl-PL"},{"@type":"ImageObject","@id":"https:\/\/live-act.pl\/kursy\/produkt\/detroit-fabric-pack\/#primaryimage","inLanguage":"pl-PL","url":"https:\/\/live-act.pl\/kursy\/files\/2021\/04\/detroit.jpg","contentUrl":"https:\/\/live-act.pl\/kursy\/files\/2021\/04\/detroit.jpg","width":1440,"height":1440},{"@type":"WebPage","@id":"https:\/\/live-act.pl\/kursy\/produkt\/detroit-fabric-pack\/#webpage","url":"https:\/\/live-act.pl\/kursy\/produkt\/detroit-fabric-pack\/","name":"DETROIT Fabric Pack - LiveAct - Idealne Kursy Wideo","isPartOf":{"@id":"https:\/\/live-act.pl\/kursy\/#website"},"primaryImageOfPage":{"@id":"https:\/\/live-act.pl\/kursy\/produkt\/detroit-fabric-pack\/#primaryimage"},"datePublished":"2021-05-13T13:25:26+00:00","dateModified":"2022-02-25T15:31:20+00:00","description":"Paczka sprawdzi si\u0119 do gatunk\u00f3w techno, tech-house i minimal. Wsp\u00f3\u0142czesne i mocne sample perkusyjne. Tw\u00f3rz z samplami.","breadcrumb":{"@id":"https:\/\/live-act.pl\/kursy\/produkt\/detroit-fabric-pack\/#breadcrumb"},"inLanguage":"pl-PL","potentialAction":[{"@type":"ReadAction","target":["https:\/\/live-act.pl\/kursy\/produkt\/detroit-fabric-pack\/"]}]},{"@type":"BreadcrumbList","@id":"https:\/\/live-act.pl\/kursy\/produkt\/detroit-fabric-pack\/#breadcrumb","itemListElement":[{"@type":"ListItem","position":1,"name":""},{"@type":"ListItem","position":2,"name":"DETROIT Fabric Pack"}]}]}},"_links":{"self":[{"href":"https:\/\/live-act.pl\/kursy\/wp-json\/wp\/v2\/product\/34544"}],"collection":[{"href":"https:\/\/live-act.pl\/kursy\/wp-json\/wp\/v2\/product"}],"about":[{"href":"https:\/\/live-act.pl\/kursy\/wp-json\/wp\/v2\/types\/product"}],"replies":[{"embeddable":true,"href":"https:\/\/live-act.pl\/kursy\/wp-json\/wp\/v2\/comments?post=34544"}],"wp:featuredmedia":[{"embeddable":true,"href":"https:\/\/live-act.pl\/kursy\/wp-json\/wp\/v2\/media\/34545"}],"wp:attachment":[{"href":"https:\/\/live-act.pl\/kursy\/wp-json\/wp\/v2\/media?parent=34544"}],"wp:term":[{"taxonomy":"product_cat","embeddable":true,"href":"https:\/\/live-act.pl\/kursy\/wp-json\/wp\/v2\/product_cat?post=34544"},{"taxonomy":"product_tag","embeddable":true,"href":"https:\/\/live-act.pl\/kursy\/wp-json\/wp\/v2\/product_tag?post=34544"}],"curies":[{"name":"wp","href":"https:\/\/api.w.org\/{rel}","templated":true}]}}