{"id":25321,"date":"2018-12-12T18:22:58","date_gmt":"2018-12-12T17:22:58","guid":{"rendered":"https:\/\/live-act.pl\/kursy\/produkt\/gift-card\/"},"modified":"2024-09-11T09:45:36","modified_gmt":"2024-09-11T07:45:36","slug":"gift-card","status":"publish","type":"product","link":"https:\/\/live-act.pl\/kursy\/produkt\/gift-card\/","title":{"rendered":"Karta Podarunkowa"},"content":{"rendered":"<p>Nie wiesz jaki kurs wybra\u0107 bliskiej Ci osobie? Karta podarunkowa to najlepsze rozwi\u0105zanie.<\/p>\n<p>Teraz mo\u017cesz podarowa\u0107 dowolny kurs bliskiej osobie na ka\u017cd\u0105 okazj\u0119.<\/p>\n<h3>Dost\u0119pne kursy i odpowiadaj\u0105ce im kwoty:<\/h3>\n<ul>\n<li>77 z\u0142 &#8211; <a href=\"https:\/\/live-act.pl\/kursy\/fl-studio-11\/\">FL Studio 11<\/a><\/li>\n<li>87 z\u0142 &#8211; <a href=\"https:\/\/live-act.pl\/kursy\/ableton-instrumenty\/\">Ableton Instrumenty<\/a> lub <a href=\"https:\/\/live-act.pl\/kursy\/ableton-efekty-audio\/\">Ableton Efekty Audio<\/a><\/li>\n<li>97 z\u0142 &#8211; <a href=\"https:\/\/live-act.pl\/serum-bez-tajemnic\/\">Serum Bez Tajemnic <\/a>lub <a href=\"https:\/\/live-act.pl\/kursy\/efekty-przestrzenne-poglos\/\">Pog\u0142os<\/a> lub <a href=\"https:\/\/live-act.pl\/kursy\/korekcja-jak-opanowac-czestotliwosci\/\">Korekcja<\/a> lub <a href=\"https:\/\/live-act.pl\/kursy\/procesory-dynamiki-kompresja\/\">Kompresja<\/a><\/li>\n<li>124 z\u0142 &#8211; <a href=\"https:\/\/live-act.pl\/kursy\/course\/ableton-zacznij-tworzyc-muzyke\/\">Ableton 9 Pakiet<\/a><\/li>\n<li>127 z\u0142 &#8211; <a href=\"https:\/\/live-act.pl\/kursy\/course\/mastering-krok-kroku\/\" target=\"_blank\" rel=\"noopener\">Mastering Krok po Kroku <\/a>lub <a href=\"https:\/\/live-act.pl\/fl-studio-20-od-podstaw\/\">FL Studio 20 od Podstaw<\/a><\/li>\n<li>127 z\u0142 &#8211; <a href=\"https:\/\/live-act.pl\/produkcja-muzyki-od-podstaw\/\" target=\"_blank\" rel=\"noopener\">Produkcja Muzyki od Podstaw Pakiet Podstawowy<\/a><\/li>\n<li>134 z\u0142 &#8211; <a href=\"https:\/\/live-act.pl\/kursy\/pakiet-syntezatory-2\/\">Pakiet Syntezatory<\/a><\/li>\n<li>137 z\u0142 &#8211; <a href=\"https:\/\/live-act.pl\/kursy\/course\/teoria-muzyki-podstawy\/\" target=\"_blank\" rel=\"noopener\">Teoria Muzyki od Podstaw<\/a><\/li>\n<li>157 z\u0142 &#8211;\u00a0<a href=\"https:\/\/live-act.pl\/ableton-10-zacznij-tworzyc-muzyke\/\" target=\"_blank\" rel=\"noopener\">Ableton 10 Pakiet Podstawowy <\/a><\/li>\n<li>167 z\u0142 &#8211;\u00a0<a href=\"http:\/\/live-act.pl\/moc-akordow\" target=\"_blank\" rel=\"noopener\">Moc Akord\u00f3w Pakiet Podstawowy<\/a><\/li>\n<li>177z\u0142 &#8211;\u00a0<a href=\"https:\/\/live-act.pl\/pakiet-miks\" target=\"_blank\" rel=\"noopener\">Pakiet Miks<\/a><\/li>\n<li>197 z\u0142 &#8211; <a href=\"https:\/\/live-act.pl\/ableton-10-zacznij-tworzyc-muzyke\/\">Ableton 10 Pakiet Premium <\/a>lub <a href=\"https:\/\/live-act.pl\/wokal-miks\/\">Akademia Wokalu Podstawy\u00a0<\/a><\/li>\n<li>197 z\u0142 &#8211; <a href=\"https:\/\/live-act.pl\/produkcja-muzyki-od-podstaw\/\" target=\"_blank\" rel=\"noopener\">Produkcja Muzyki od Podstaw Pakiet <\/a>lub <a href=\"https:\/\/live-act.pl\/fl-studio-20-od-podstaw\/\">FL Studio 20 od Podstaw Premium<\/a><\/li>\n<li>297 z\u0142 &#8211; <a href=\"https:\/\/live-act.pl\/ableton-10-zacznij-tworzyc-muzyke\/\" target=\"_blank\" rel=\"noopener\">Ableton 10 Pakiet Premium + <\/a>lub <a href=\"https:\/\/live-act.pl\/fl-studio-20-od-podstaw\/\">FL Studio 20 od Podstaw Miks i Mastering<\/a><\/li>\n<li>297 z\u0142 &#8211;\u00a0<a href=\"https:\/\/live-act.pl\/produkcja-muzyki-od-podstaw\/\" target=\"_blank\" rel=\"noopener\">Produkcja Muzyki od Podstaw Pakiet Premium <\/a>lub <a href=\"http:\/\/live-act.pl\/moc-akordow\">Moc Akord\u00f3w Pakiet Premium<\/a><\/li>\n<li>367 z\u0142 &#8211; <a href=\"https:\/\/live-act.pl\/wokal-miks\/\">Akademia Wokalu Pro Miks\u00a0<\/a>lub <a href=\"http:\/\/live-act.pl\/moc-akordow\" target=\"_blank\" rel=\"noopener\">Moc Akord\u00f3w Pakiet Mistrzowski<\/a><\/li>\n<li>447 z\u0142 &#8211;\u00a0<a href=\"https:\/\/live-act.pl\/kursy\/pakiet-kursow\/\" target=\"_blank\" rel=\"noopener\">Pakiet 8 Kurs\u00f3w<\/a><\/li>\n<li>567 z\u0142- <a href=\"https:\/\/live-act.pl\/wokal-miks\/\">Akademia Wokalu Miks Biznes<\/a><\/li>\n<\/ul>\n<p>Po zam\u00f3wieniu karty podarunkowej dostaniesz na sw\u00f3j adres e-mail kod upowa\u017cniaj\u0105cy do odebrania prezentu. Wystarczy, \u017ce przeka\u017ce go osobie, kt\u00f3r\u0105 chcesz obdarowa\u0107 prezentem. Mo\u017cesz go wydrukowa\u0107 lub przes\u0142a\u0107 mailem.<\/p>\n<p>Odbi\u00f3r prezentu jest bardzo prosty. Wystarczy doda\u0107 do koszyka wybrany kurs, a nast\u0119pnie w polu &#8220;Kod Rabatowy&#8221; wpisa\u0107 otrzymany kod z Karty Podarunkowej.<\/p>\n<p>Je\u017celi jakiego\u015b kursu brakuje na li\u015bcie lub chcesz stworzy\u0107 indywidualny pakiet na Kart\u0119 Podarunkow\u0105, napisz do mnie <a href=\"http:\/\/live-act.pl\/kontakt\" target=\"_blank\" rel=\"noopener\">tutaj.<\/a><\/p>\n","protected":false},"excerpt":{"rendered":"<p>Nie wiesz jaki kurs wybra\u0107 bliskiej Ci osobie? Karta podarunkowa to najlepsze rozwi\u0105zanie. Teraz mo\u017cesz podarowa\u0107 dowolny kurs bliskiej osobie &hellip;<\/p>\n","protected":false},"featured_media":41711,"comment_status":"closed","ping_status":"closed","template":"","meta":{"_monsterinsights_skip_tracking":false,"_monsterinsights_sitenote_active":false,"_monsterinsights_sitenote_note":"","_monsterinsights_sitenote_category":0,"_vibebp_attr":"","_vibebp_dimensions":"","_vibebp_responsive_height":"","_vibebp_accordion_ie_support":""},"product_cat":[],"product_tag":[],"yoast_head":"<!-- This site is optimized with the Yoast SEO plugin v18.3 - https:\/\/yoast.com\/wordpress\/plugins\/seo\/ -->\n<title>Karta Podarunkowa - LiveAct - Idealne Kursy Wideo<\/title>\n<meta name=\"description\" content=\"Nie wiesz jaki kurs wybra\u0107 bliskiej Ci osobie? Karta podarunkowa to najlepsze rozwi\u0105zanie. Pozw\u00f3l wybra\u0107 wymarzony kurs z produkcji muzyki\" \/>\n<meta name=\"robots\" content=\"index, follow, max-snippet:-1, max-image-preview:large, max-video-preview:-1\" \/>\n<link rel=\"canonical\" href=\"https:\/\/live-act.pl\/kursy\/produkt\/gift-card\/\" \/>\n<meta property=\"og:locale\" content=\"pl_PL\" \/>\n<meta property=\"og:type\" content=\"article\" \/>\n<meta property=\"og:title\" content=\"Karta Podarunkowa - LiveAct - Idealne Kursy Wideo\" \/>\n<meta property=\"og:description\" content=\"Nie wiesz jaki kurs wybra\u0107 bliskiej Ci osobie? Karta podarunkowa to najlepsze rozwi\u0105zanie. Pozw\u00f3l wybra\u0107 wymarzony kurs z produkcji muzyki\" \/>\n<meta property=\"og:url\" content=\"https:\/\/live-act.pl\/kursy\/produkt\/gift-card\/\" \/>\n<meta property=\"og:site_name\" content=\"LiveAct - Idealne Kursy Wideo\" \/>\n<meta property=\"article:publisher\" content=\"https:\/\/www.facebook.com\/LiveActpl\/\" \/>\n<meta property=\"article:modified_time\" content=\"2024-09-11T07:45:36+00:00\" \/>\n<meta property=\"og:image\" content=\"http:\/\/live-act.pl\/kursy\/files\/2018\/12\/karta-podarunkowa-2.png\" \/>\n\t<meta property=\"og:image:width\" content=\"526\" \/>\n\t<meta property=\"og:image:height\" content=\"404\" \/>\n\t<meta property=\"og:image:type\" content=\"image\/png\" \/>\n<meta name=\"twitter:label1\" content=\"Szacowany czas czytania\" \/>\n\t<meta name=\"twitter:data1\" content=\"2 minuty\" \/>\n<script type=\"application\/ld+json\" class=\"yoast-schema-graph\">{\"@context\":\"https:\/\/schema.org\",\"@graph\":[{\"@type\":\"WebSite\",\"@id\":\"https:\/\/live-act.pl\/kursy\/#website\",\"url\":\"https:\/\/live-act.pl\/kursy\/\",\"name\":\"LiveAct - Idealne Kursy Wideo\",\"description\":\"LiveAct - Produkcja Muzyki, Kursy Ableton\",\"potentialAction\":[{\"@type\":\"SearchAction\",\"target\":{\"@type\":\"EntryPoint\",\"urlTemplate\":\"https:\/\/live-act.pl\/kursy\/?s={search_term_string}\"},\"query-input\":\"required name=search_term_string\"}],\"inLanguage\":\"pl-PL\"},{\"@type\":\"ImageObject\",\"@id\":\"https:\/\/live-act.pl\/kursy\/produkt\/gift-card\/#primaryimage\",\"inLanguage\":\"pl-PL\",\"url\":\"https:\/\/live-act.pl\/kursy\/files\/2018\/12\/karta-podarunkowa-2.png\",\"contentUrl\":\"https:\/\/live-act.pl\/kursy\/files\/2018\/12\/karta-podarunkowa-2.png\",\"width\":526,\"height\":404},{\"@type\":\"WebPage\",\"@id\":\"https:\/\/live-act.pl\/kursy\/produkt\/gift-card\/#webpage\",\"url\":\"https:\/\/live-act.pl\/kursy\/produkt\/gift-card\/\",\"name\":\"Karta Podarunkowa - LiveAct - Idealne Kursy Wideo\",\"isPartOf\":{\"@id\":\"https:\/\/live-act.pl\/kursy\/#website\"},\"primaryImageOfPage\":{\"@id\":\"https:\/\/live-act.pl\/kursy\/produkt\/gift-card\/#primaryimage\"},\"datePublished\":\"2018-12-12T17:22:58+00:00\",\"dateModified\":\"2024-09-11T07:45:36+00:00\",\"description\":\"Nie wiesz jaki kurs wybra\u0107 bliskiej Ci osobie? Karta podarunkowa to najlepsze rozwi\u0105zanie. Pozw\u00f3l wybra\u0107 wymarzony kurs z produkcji muzyki\",\"breadcrumb\":{\"@id\":\"https:\/\/live-act.pl\/kursy\/produkt\/gift-card\/#breadcrumb\"},\"inLanguage\":\"pl-PL\",\"potentialAction\":[{\"@type\":\"ReadAction\",\"target\":[\"https:\/\/live-act.pl\/kursy\/produkt\/gift-card\/\"]}]},{\"@type\":\"BreadcrumbList\",\"@id\":\"https:\/\/live-act.pl\/kursy\/produkt\/gift-card\/#breadcrumb\",\"itemListElement\":[{\"@type\":\"ListItem\",\"position\":1,\"name\":\"\"},{\"@type\":\"ListItem\",\"position\":2,\"name\":\"Karta Podarunkowa\"}]}]}<\/script>\n<!-- \/ Yoast SEO plugin. -->","yoast_head_json":{"title":"Karta Podarunkowa - LiveAct - Idealne Kursy Wideo","description":"Nie wiesz jaki kurs wybra\u0107 bliskiej Ci osobie? Karta podarunkowa to najlepsze rozwi\u0105zanie. Pozw\u00f3l wybra\u0107 wymarzony kurs z produkcji muzyki","robots":{"index":"index","follow":"follow","max-snippet":"max-snippet:-1","max-image-preview":"max-image-preview:large","max-video-preview":"max-video-preview:-1"},"canonical":"https:\/\/live-act.pl\/kursy\/produkt\/gift-card\/","og_locale":"pl_PL","og_type":"article","og_title":"Karta Podarunkowa - LiveAct - Idealne Kursy Wideo","og_description":"Nie wiesz jaki kurs wybra\u0107 bliskiej Ci osobie? Karta podarunkowa to najlepsze rozwi\u0105zanie. Pozw\u00f3l wybra\u0107 wymarzony kurs z produkcji muzyki","og_url":"https:\/\/live-act.pl\/kursy\/produkt\/gift-card\/","og_site_name":"LiveAct - Idealne Kursy Wideo","article_publisher":"https:\/\/www.facebook.com\/LiveActpl\/","article_modified_time":"2024-09-11T07:45:36+00:00","og_image":[{"width":526,"height":404,"url":"http:\/\/live-act.pl\/kursy\/files\/2018\/12\/karta-podarunkowa-2.png","type":"image\/png"}],"twitter_misc":{"Szacowany czas czytania":"2 minuty"},"schema":{"@context":"https:\/\/schema.org","@graph":[{"@type":"WebSite","@id":"https:\/\/live-act.pl\/kursy\/#website","url":"https:\/\/live-act.pl\/kursy\/","name":"LiveAct - Idealne Kursy Wideo","description":"LiveAct - Produkcja Muzyki, Kursy Ableton","potentialAction":[{"@type":"SearchAction","target":{"@type":"EntryPoint","urlTemplate":"https:\/\/live-act.pl\/kursy\/?s={search_term_string}"},"query-input":"required name=search_term_string"}],"inLanguage":"pl-PL"},{"@type":"ImageObject","@id":"https:\/\/live-act.pl\/kursy\/produkt\/gift-card\/#primaryimage","inLanguage":"pl-PL","url":"https:\/\/live-act.pl\/kursy\/files\/2018\/12\/karta-podarunkowa-2.png","contentUrl":"https:\/\/live-act.pl\/kursy\/files\/2018\/12\/karta-podarunkowa-2.png","width":526,"height":404},{"@type":"WebPage","@id":"https:\/\/live-act.pl\/kursy\/produkt\/gift-card\/#webpage","url":"https:\/\/live-act.pl\/kursy\/produkt\/gift-card\/","name":"Karta Podarunkowa - LiveAct - Idealne Kursy Wideo","isPartOf":{"@id":"https:\/\/live-act.pl\/kursy\/#website"},"primaryImageOfPage":{"@id":"https:\/\/live-act.pl\/kursy\/produkt\/gift-card\/#primaryimage"},"datePublished":"2018-12-12T17:22:58+00:00","dateModified":"2024-09-11T07:45:36+00:00","description":"Nie wiesz jaki kurs wybra\u0107 bliskiej Ci osobie? Karta podarunkowa to najlepsze rozwi\u0105zanie. Pozw\u00f3l wybra\u0107 wymarzony kurs z produkcji muzyki","breadcrumb":{"@id":"https:\/\/live-act.pl\/kursy\/produkt\/gift-card\/#breadcrumb"},"inLanguage":"pl-PL","potentialAction":[{"@type":"ReadAction","target":["https:\/\/live-act.pl\/kursy\/produkt\/gift-card\/"]}]},{"@type":"BreadcrumbList","@id":"https:\/\/live-act.pl\/kursy\/produkt\/gift-card\/#breadcrumb","itemListElement":[{"@type":"ListItem","position":1,"name":""},{"@type":"ListItem","position":2,"name":"Karta Podarunkowa"}]}]}},"_links":{"self":[{"href":"https:\/\/live-act.pl\/kursy\/wp-json\/wp\/v2\/product\/25321"}],"collection":[{"href":"https:\/\/live-act.pl\/kursy\/wp-json\/wp\/v2\/product"}],"about":[{"href":"https:\/\/live-act.pl\/kursy\/wp-json\/wp\/v2\/types\/product"}],"replies":[{"embeddable":true,"href":"https:\/\/live-act.pl\/kursy\/wp-json\/wp\/v2\/comments?post=25321"}],"wp:featuredmedia":[{"embeddable":true,"href":"https:\/\/live-act.pl\/kursy\/wp-json\/wp\/v2\/media\/41711"}],"wp:attachment":[{"href":"https:\/\/live-act.pl\/kursy\/wp-json\/wp\/v2\/media?parent=25321"}],"wp:term":[{"taxonomy":"product_cat","embeddable":true,"href":"https:\/\/live-act.pl\/kursy\/wp-json\/wp\/v2\/product_cat?post=25321"},{"taxonomy":"product_tag","embeddable":true,"href":"https:\/\/live-act.pl\/kursy\/wp-json\/wp\/v2\/product_tag?post=25321"}],"curies":[{"name":"wp","href":"https:\/\/api.w.org\/{rel}","templated":true}]}}