{"id":1146,"date":"2014-02-01T13:49:25","date_gmt":"2014-02-01T13:49:25","guid":{"rendered":"http:\/\/vibethemes.com\/envato\/wplms\/checkout\/"},"modified":"2022-03-16T16:10:58","modified_gmt":"2022-03-16T15:10:58","slug":"zamowienie","status":"publish","type":"page","link":"https:\/\/live-act.pl\/kursy\/zamowienie\/","title":{"rendered":"Zam\u00f3wienie"},"content":{"rendered":"\t\t<div data-elementor-type=\"wp-page\" data-elementor-id=\"1146\" class=\"elementor elementor-1146\" data-elementor-settings=\"[]\">\n\t\t\t\t\t\t\t<div class=\"elementor-section-wrap\">\n\t\t\t\t\t\t\t<section class=\"elementor-section elementor-top-section elementor-element elementor-element-c5e254a elementor-section-boxed elementor-section-height-default elementor-section-height-default\" data-id=\"c5e254a\" data-element_type=\"section\">\n\t\t\t\t\t\t<div class=\"elementor-container elementor-column-gap-default\">\n\t\t\t\t\t<div class=\"elementor-column elementor-col-100 elementor-top-column elementor-element elementor-element-7222de6\" data-id=\"7222de6\" data-element_type=\"column\">\n\t\t\t<div class=\"elementor-widget-wrap elementor-element-populated\">\n\t\t\t\t\t\t\t\t<div class=\"elementor-element elementor-element-9381c56 elementor-widget elementor-widget-text-editor\" data-id=\"9381c56\" data-element_type=\"widget\" data-widget_type=\"text-editor.default\">\n\t\t\t\t<div class=\"elementor-widget-container\">\n\t\t\t<style>\/*! elementor - v3.5.6 - 28-02-2022 *\/\n.elementor-widget-text-editor.elementor-drop-cap-view-stacked .elementor-drop-cap{background-color:#818a91;color:#fff}.elementor-widget-text-editor.elementor-drop-cap-view-framed .elementor-drop-cap{color:#818a91;border:3px solid;background-color:transparent}.elementor-widget-text-editor:not(.elementor-drop-cap-view-default) .elementor-drop-cap{margin-top:8px}.elementor-widget-text-editor:not(.elementor-drop-cap-view-default) .elementor-drop-cap-letter{width:1em;height:1em}.elementor-widget-text-editor .elementor-drop-cap{float:left;text-align:center;line-height:1;font-size:50px}.elementor-widget-text-editor .elementor-drop-cap-letter{display:inline-block}<\/style>\t\t\t\t<h6>&lt; <a href=\"https:\/\/live-act.pl\/kursy\/koszyk\/\">Wr\u00f3\u0107 do koszyka i edytuj zam\u00f3wienie.<\/a><\/h6>\t\t\t\t\t\t<\/div>\n\t\t\t\t<\/div>\n\t\t\t\t\t<\/div>\n\t\t<\/div>\n\t\t\t\t\t\t\t<\/div>\n\t\t<\/section>\n\t\t\t\t<section class=\"elementor-section elementor-top-section elementor-element elementor-element-f5a4981 elementor-section-boxed elementor-section-height-default elementor-section-height-default\" data-id=\"f5a4981\" data-element_type=\"section\">\n\t\t\t\t\t\t<div class=\"elementor-container elementor-column-gap-default\">\n\t\t\t\t\t<div class=\"elementor-column elementor-col-100 elementor-top-column elementor-element elementor-element-394b72e\" data-id=\"394b72e\" data-element_type=\"column\">\n\t\t\t<div class=\"elementor-widget-wrap elementor-element-populated\">\n\t\t\t\t\t\t\t\t<div class=\"elementor-element elementor-element-8b07efa elementor-widget elementor-widget-text-editor\" data-id=\"8b07efa\" data-element_type=\"widget\" data-widget_type=\"text-editor.default\">\n\t\t\t\t<div class=\"elementor-widget-container\">\n\t\t\t\t\t\t\t<h5>Zamawiaj\u0105c min. 2 kursy otrzymasz automatycznie 10% rabatu. <a href=\"https:\/\/live-act.pl\/kursy\/all-courses\/\">Wybierz kolejny kurs<\/a><\/h5>\t\t\t\t\t\t<\/div>\n\t\t\t\t<\/div>\n\t\t\t\t\t<\/div>\n\t\t<\/div>\n\t\t\t\t\t\t\t<\/div>\n\t\t<\/section>\n\t\t\t\t<section class=\"elementor-section elementor-top-section elementor-element elementor-element-008385a elementor-section-boxed elementor-section-height-default elementor-section-height-default\" data-id=\"008385a\" data-element_type=\"section\">\n\t\t\t\t\t\t<div class=\"elementor-container elementor-column-gap-default\">\n\t\t\t\t\t<div class=\"elementor-column elementor-col-100 elementor-top-column elementor-element elementor-element-6b0c880\" data-id=\"6b0c880\" data-element_type=\"column\">\n\t\t\t<div class=\"elementor-widget-wrap elementor-element-populated\">\n\t\t\t\t\t\t\t\t<div class=\"elementor-element elementor-element-43834d0 e-checkout-layout-one-column elementor-widget elementor-widget-woocommerce-checkout-page\" data-id=\"43834d0\" data-element_type=\"widget\" data-widget_type=\"woocommerce-checkout-page.default\">\n\t\t\t\t<div class=\"elementor-widget-container\">\n\t\t\t<link rel=\"stylesheet\" href=\"https:\/\/live-act.pl\/kursy\/wp-content\/plugins\/elementor-pro\/assets\/css\/widget-woocommerce.min.css\"><div class=\"woocommerce\"><\/div>\t\t<\/div>\n\t\t\t\t<\/div>\n\t\t\t\t\t<\/div>\n\t\t<\/div>\n\t\t\t\t\t\t\t<\/div>\n\t\t<\/section>\n\t\t\t\t<section class=\"elementor-section elementor-top-section elementor-element elementor-element-873b833 elementor-section-boxed elementor-section-height-default elementor-section-height-default\" data-id=\"873b833\" data-element_type=\"section\">\n\t\t\t\t\t\t<div class=\"elementor-container elementor-column-gap-default\">\n\t\t\t\t\t<div class=\"elementor-column elementor-col-100 elementor-top-column elementor-element elementor-element-f4d9617\" data-id=\"f4d9617\" data-element_type=\"column\">\n\t\t\t<div class=\"elementor-widget-wrap elementor-element-populated\">\n\t\t\t\t\t\t\t\t<div class=\"elementor-element elementor-element-c1b8e40 elementor-drop-cap-yes elementor-drop-cap-view-default elementor-widget elementor-widget-text-editor\" data-id=\"c1b8e40\" data-element_type=\"widget\" data-settings=\"{&quot;drop_cap&quot;:&quot;yes&quot;}\" data-widget_type=\"text-editor.default\">\n\t\t\t\t<div class=\"elementor-widget-container\">\n\t\t\t\t\t\t\t<span>Masz problem z zam\u00f3wieniem? Zajrzyj do dzia\u0142y\u00a0<\/span><a style=\"background-color: #ffffff; font-variant-ligatures: normal; orphans: 2; widows: 2;\" href=\"https:\/\/live-act.pl\/kursy\/faq\/\">Pomoc<\/a><span style=\"caret-color: #000000; color: #000000; font-variant-ligatures: normal; orphans: 2; widows: 2; text-decoration-thickness: initial;\">.<\/span>\t\t\t\t\t\t<\/div>\n\t\t\t\t<\/div>\n\t\t\t\t\t<\/div>\n\t\t<\/div>\n\t\t\t\t\t\t\t<\/div>\n\t\t<\/section>\n\t\t\t\t\t\t<\/div>\n\t\t\t\t\t<\/div>\n\t\t","protected":false},"excerpt":{"rendered":"<p>&lt; Wr\u00f3\u0107 do koszyka i edytuj zam\u00f3wienie. Zamawiaj\u0105c min. 2 kursy otrzymasz automatycznie 10% rabatu. Wybierz kolejny kurs Twoje Dane &hellip;<\/p>\n","protected":false},"author":1,"featured_media":0,"parent":0,"menu_order":0,"comment_status":"closed","ping_status":"open","template":"","meta":{"_monsterinsights_skip_tracking":false,"_monsterinsights_sitenote_active":false,"_monsterinsights_sitenote_note":"","_monsterinsights_sitenote_category":0,"_vibebp_attr":"","_vibebp_dimensions":"","_vibebp_responsive_height":"","_vibebp_accordion_ie_support":""},"yoast_head":"<!-- This site is optimized with the Yoast SEO plugin v18.3 - https:\/\/yoast.com\/wordpress\/plugins\/seo\/ -->\n<title>Zam\u00f3wienie - LiveAct - Idealne Kursy Wideo<\/title>\n<meta name=\"robots\" content=\"index, follow, max-snippet:-1, max-image-preview:large, max-video-preview:-1\" \/>\n<link rel=\"canonical\" href=\"https:\/\/live-act.pl\/kursy\/zamowienie\/\" \/>\n<meta property=\"og:locale\" content=\"pl_PL\" \/>\n<meta property=\"og:type\" content=\"article\" \/>\n<meta property=\"og:title\" content=\"Zam\u00f3wienie - LiveAct - Idealne Kursy Wideo\" \/>\n<meta property=\"og:description\" content=\"&lt; Wr\u00f3\u0107 do koszyka i edytuj zam\u00f3wienie. Zamawiaj\u0105c min. 2 kursy otrzymasz automatycznie 10% rabatu. Wybierz kolejny kurs Twoje Dane &hellip;\" \/>\n<meta property=\"og:url\" content=\"https:\/\/live-act.pl\/kursy\/zamowienie\/\" \/>\n<meta property=\"og:site_name\" content=\"LiveAct - Idealne Kursy Wideo\" \/>\n<meta property=\"article:publisher\" content=\"https:\/\/www.facebook.com\/LiveActpl\/\" \/>\n<meta property=\"article:modified_time\" content=\"2022-03-16T15:10:58+00:00\" \/>\n<meta property=\"og:image\" content=\"https:\/\/tpay.com\/img\/banners\/logo-tpay-50x25.svg\" \/>\n<meta name=\"twitter:label1\" content=\"Szacowany czas czytania\" \/>\n\t<meta name=\"twitter:data1\" content=\"6 minut\" \/>\n<script type=\"application\/ld+json\" class=\"yoast-schema-graph\">{\"@context\":\"https:\/\/schema.org\",\"@graph\":[{\"@type\":\"WebSite\",\"@id\":\"https:\/\/live-act.pl\/kursy\/#website\",\"url\":\"https:\/\/live-act.pl\/kursy\/\",\"name\":\"LiveAct - Idealne Kursy Wideo\",\"description\":\"LiveAct - Produkcja Muzyki, Kursy Ableton\",\"potentialAction\":[{\"@type\":\"SearchAction\",\"target\":{\"@type\":\"EntryPoint\",\"urlTemplate\":\"https:\/\/live-act.pl\/kursy\/?s={search_term_string}\"},\"query-input\":\"required name=search_term_string\"}],\"inLanguage\":\"pl-PL\"},{\"@type\":\"ImageObject\",\"@id\":\"https:\/\/live-act.pl\/kursy\/zamowienie\/#primaryimage\",\"inLanguage\":\"pl-PL\",\"url\":\"https:\/\/tpay.com\/img\/banners\/logo-tpay-50x25.svg\",\"contentUrl\":\"https:\/\/tpay.com\/img\/banners\/logo-tpay-50x25.svg\"},{\"@type\":\"WebPage\",\"@id\":\"https:\/\/live-act.pl\/kursy\/zamowienie\/#webpage\",\"url\":\"https:\/\/live-act.pl\/kursy\/zamowienie\/\",\"name\":\"Zam\u00f3wienie - LiveAct - Idealne Kursy Wideo\",\"isPartOf\":{\"@id\":\"https:\/\/live-act.pl\/kursy\/#website\"},\"primaryImageOfPage\":{\"@id\":\"https:\/\/live-act.pl\/kursy\/zamowienie\/#primaryimage\"},\"datePublished\":\"2014-02-01T13:49:25+00:00\",\"dateModified\":\"2022-03-16T15:10:58+00:00\",\"breadcrumb\":{\"@id\":\"https:\/\/live-act.pl\/kursy\/zamowienie\/#breadcrumb\"},\"inLanguage\":\"pl-PL\",\"potentialAction\":[{\"@type\":\"ReadAction\",\"target\":[\"https:\/\/live-act.pl\/kursy\/zamowienie\/\"]}]},{\"@type\":\"BreadcrumbList\",\"@id\":\"https:\/\/live-act.pl\/kursy\/zamowienie\/#breadcrumb\",\"itemListElement\":[{\"@type\":\"ListItem\",\"position\":1,\"name\":\"Zam\u00f3wienie\"}]}]}<\/script>\n<!-- \/ Yoast SEO plugin. -->","yoast_head_json":{"title":"Zam\u00f3wienie - LiveAct - Idealne Kursy Wideo","robots":{"index":"index","follow":"follow","max-snippet":"max-snippet:-1","max-image-preview":"max-image-preview:large","max-video-preview":"max-video-preview:-1"},"canonical":"https:\/\/live-act.pl\/kursy\/zamowienie\/","og_locale":"pl_PL","og_type":"article","og_title":"Zam\u00f3wienie - LiveAct - Idealne Kursy Wideo","og_description":"&lt; Wr\u00f3\u0107 do koszyka i edytuj zam\u00f3wienie. Zamawiaj\u0105c min. 2 kursy otrzymasz automatycznie 10% rabatu. Wybierz kolejny kurs Twoje Dane &hellip;","og_url":"https:\/\/live-act.pl\/kursy\/zamowienie\/","og_site_name":"LiveAct - Idealne Kursy Wideo","article_publisher":"https:\/\/www.facebook.com\/LiveActpl\/","article_modified_time":"2022-03-16T15:10:58+00:00","og_image":[{"url":"https:\/\/tpay.com\/img\/banners\/logo-tpay-50x25.svg"}],"twitter_misc":{"Szacowany czas czytania":"6 minut"},"schema":{"@context":"https:\/\/schema.org","@graph":[{"@type":"WebSite","@id":"https:\/\/live-act.pl\/kursy\/#website","url":"https:\/\/live-act.pl\/kursy\/","name":"LiveAct - Idealne Kursy Wideo","description":"LiveAct - Produkcja Muzyki, Kursy Ableton","potentialAction":[{"@type":"SearchAction","target":{"@type":"EntryPoint","urlTemplate":"https:\/\/live-act.pl\/kursy\/?s={search_term_string}"},"query-input":"required name=search_term_string"}],"inLanguage":"pl-PL"},{"@type":"ImageObject","@id":"https:\/\/live-act.pl\/kursy\/zamowienie\/#primaryimage","inLanguage":"pl-PL","url":"https:\/\/tpay.com\/img\/banners\/logo-tpay-50x25.svg","contentUrl":"https:\/\/tpay.com\/img\/banners\/logo-tpay-50x25.svg"},{"@type":"WebPage","@id":"https:\/\/live-act.pl\/kursy\/zamowienie\/#webpage","url":"https:\/\/live-act.pl\/kursy\/zamowienie\/","name":"Zam\u00f3wienie - LiveAct - Idealne Kursy Wideo","isPartOf":{"@id":"https:\/\/live-act.pl\/kursy\/#website"},"primaryImageOfPage":{"@id":"https:\/\/live-act.pl\/kursy\/zamowienie\/#primaryimage"},"datePublished":"2014-02-01T13:49:25+00:00","dateModified":"2022-03-16T15:10:58+00:00","breadcrumb":{"@id":"https:\/\/live-act.pl\/kursy\/zamowienie\/#breadcrumb"},"inLanguage":"pl-PL","potentialAction":[{"@type":"ReadAction","target":["https:\/\/live-act.pl\/kursy\/zamowienie\/"]}]},{"@type":"BreadcrumbList","@id":"https:\/\/live-act.pl\/kursy\/zamowienie\/#breadcrumb","itemListElement":[{"@type":"ListItem","position":1,"name":"Zam\u00f3wienie"}]}]}},"_links":{"self":[{"href":"https:\/\/live-act.pl\/kursy\/wp-json\/wp\/v2\/pages\/1146"}],"collection":[{"href":"https:\/\/live-act.pl\/kursy\/wp-json\/wp\/v2\/pages"}],"about":[{"href":"https:\/\/live-act.pl\/kursy\/wp-json\/wp\/v2\/types\/page"}],"author":[{"embeddable":true,"href":"https:\/\/live-act.pl\/kursy\/wp-json\/wp\/v2\/users\/1"}],"replies":[{"embeddable":true,"href":"https:\/\/live-act.pl\/kursy\/wp-json\/wp\/v2\/comments?post=1146"}],"version-history":[{"count":112,"href":"https:\/\/live-act.pl\/kursy\/wp-json\/wp\/v2\/pages\/1146\/revisions"}],"predecessor-version":[{"id":40492,"href":"https:\/\/live-act.pl\/kursy\/wp-json\/wp\/v2\/pages\/1146\/revisions\/40492"}],"wp:attachment":[{"href":"https:\/\/live-act.pl\/kursy\/wp-json\/wp\/v2\/media?parent=1146"}],"curies":[{"name":"wp","href":"https:\/\/api.w.org\/{rel}","templated":true}]}}